
0
What is the units digit of 42310?
0
What is the tens digit of 11919?
1
What is the units digit of 219?
9
What is the hundreds digit of 19661?
6
What is the thousands digit of 6862?
6
What is the units digit of 1363?
3
What is the thousands digit of 1401?
1
What is the units digit of 40034?
4
What is the thousands digit of 13638?
3
What is the tens digit of 8807?
0
What is the tens digit of 43391?
9
What is the hundreds digit of 2678?
6
What is the tens digit of 8852?
5
What is the hundreds digit of 11215?
2
What is the tens digit of 37?
3
What is the ten thousands digit of 49170?
4
What is the units digit of 2492?
2
What is the ten thousands digit of 41661?
4
What is the thousands digit of 5084?
5
What is the hundreds digit of 269?
2
What is the hundreds digit of 46145?
1
What is the units digit of 67821?
1
What is the thousands digit of 4809?
4
What is the ten thousands digit of 43306?
4
What is the tens digit of 7699?
9
What is the ten thousands digit of 13958?
1
What is the units digit of 232?
2
What is the tens digit of 19807?
0
What is the units digit of 23324?
4
What is the tens digit of 1882?
8
What is the thousands digit of 5118?
5
What is the ten thousands digit of 85594?
8
What is the ten thousands digit of 180673?
8
What is the hundreds digit of 4562?
5
What is the tens digit of 855?
5
What is the tens digit of 2251?
5
What is the tens digit of 4537?
3
What is the units digit of 144592?
2
What is the units digit of 12369?
9
What is the tens digit of 98830?
3
What is the thousands digit of 4262?
4
What is the hundreds digit of 21686?
6
What is the thousands digit of 6349?
6
What is the units digit of 46482?
2
What is the hundred thousands digit of 137491?
1
What is the thousands digit of 10418?
0
What is the tens digit of 945?
4
What is the tens digit of 36531?
3
What is the tens digit of 48752?
5
What is the hundreds digit of 4831?
8
What is the tens digit of 22006?
0
What is the hundreds digit of 76898?
8
What is the hundreds digit of 3736?
7
What is the hundreds digit of 28802?
8
What is the thousands digit of 7258?
7
What is the hundreds digit of 2258?
2
What is the thousands digit of 5651?
5
What is the thousands digit of 1148?
1
What is the hundred thousands digit of 116219?
1
What is the hundreds digit of 1862?
8
What is the tens digit of 1193?
9
What is the hundreds digit of 8319?
3
What is the units digit of 487?
7
What is the tens digit of 14069?
6
What is the tens digit of 1850?
5
What is the tens digit of 36?
3
What is the units digit of 7921?
1
What is the hundreds digit of 733?
7
What is the tens digit of 117049?
4
What is the tens digit of 13406?
0
What is the units digit of 809?
9
What is the ten thousands digit of 15075?
1
What is the tens digit of 2494?
9
What is the hundreds digit of 2329?
3
What is the hundreds digit of 1152?
1
What is the thousands digit of 34684?
4
What is the tens digit of 7663?
6
What is the tens digit of 3947?
4
What is the units digit of 21383?
3
What is the hundreds digit of 35914?
9
What is the thousands digit of 2935?
2
What is the hundreds digit of 1670?
6
What is the hundreds digit of 4784?
7
What is the hundreds digit of 27463?
4
What is the hundreds digit of 765?
7
What is the thousands digit of 2231?
2
What is the tens digit of 6059?
5
What is the units digit of 5318?
8
What is the hundreds digit of 8383?
3
What is the tens digit of 1800?
0
What is the tens digit of 8438?
3
What is the hundreds digit of 910?
9
What is the thousands digit of 24813?
4
What is the tens digit of 591?
9
What is the units digit of 1940?
0
What is the tens digit of 66?
6
What is the thousands digit of 3873?
3
What is the ten thousands digit of 115027?
1
What is the hundreds digit of 435?
4
What is the hundreds digit of 466?
4
What is the thousands digit of 36024?
6
What is the thousands digit of 41187?
1
What is the tens digit of 9106?
0
What is the units digit of 4042?
2
What is the units digit of 56792?
2
What is the thousands digit of 46368?
6
What is the tens digit of 1852?
5
What is the thousands digit of 6194?
6
What is the tens digit of 2802?
0
What is the thousands digit of 3016?
3
What is the thousands digit of 8728?
8
What is the hundreds digit of 19921?
9
What is the thousands digit of 1042?
1
What is the thousands digit of 27798?
7
What is the tens digit of 5064?
6
What is the thousands digit of 1476?
1
What is the hundreds digit of 2189?
1
What is the hundreds digit of 15525?
5
What is the hundreds digit of 1185?
1
What is the units digit of 7437?
7
What is the tens digit of 14459?
5
What is the thousands digit of 1814?
1
What is the hundreds digit of 3555?
5
What is the thousands digit of 2327?
2
What is the tens digit of 763?
6
What is the thousands digit of 34247?
4
What is the hundreds digit of 34345?
3
What is the thousands digit of 7999?
7
What is the units digit of 553?
3
What is the ten thousands digit of 57877?
5
What is the tens digit of 246?
4
What is the tens digit of 999?
9
What is the hundreds digit of 14705?
7
What is the ten thousands digit of 41830?
4
What is the thousands digit of 12766?
2
What is the hundreds digit of 563?
5
What is the thousands digit of 7613?
7
What is the hundreds digit of 3615?
6
What is the tens digit of 3499?
9
What is the hundreds digit of 2095?
0
What is the thousands digit of 8936?
8
What is the tens digit of 97503?
0
What is the tens digit of 448?
4
What is the hundreds digit of 1027?
0
What is the tens digit of 1406?
0
What is the thousands digit of 3289?
3
What is the tens digit of 1475?
7
What is the units digit of 1058?
8
What is the units digit of 881?
1
What is the tens digit of 47518?
1
What is the hundreds digit of 379?
3
What is the units digit of 9081?
1
What is the hundreds digit of 14808?
8
What is the tens digit of 303?
0
What is the tens digit of 578?
7
What is the units digit of 209?
9
What is the thousands digit of 8448?
8
What is the hundreds digit of 9460?
4
What is the hundreds digit of 570?
5
What is the tens digit of 5782?
8
What is the ten thousands digit of 14679?
1
What is the tens digit of 1883?
8
What is the tens digit of 21817?
1
What is the units digit of 46546?
6
What is the ten thousands digit of 12628?
1
What is the thousands digit of 4177?
4
What is the units digit of 69943?
3
What is the ten thousands digit of 70683?
7
What is the hundred thousands digit of 101524?
1
What is the thousands digit of 7768?
7
What is the units digit of 6169?
9
What is the tens digit of 133829?
2
What is the tens digit of 697?
9
What is the units digit of 38745?
5
What is the ten thousands digit of 44278?
4
What is the hundreds digit of 131?
1
What is the ten thousands digit of 11244?
1
What is the hundreds digit of 5915?
9
What is the hundreds digit of 2689?
6
What is the hundreds digit of 1652?
6
What is the tens digit of 426?
2
What is the tens digit of 651?
5
What is the tens digit of 3594?
9
What is the tens digit of 291?
9
What is the units digit of 35338?
8
What is the thousands digit of 1622?
1
What is the thousands digit of 59245?
9
What is the tens digit of 16123?
2
What is the thousands digit of 35535?
5
What is the thousands digit of 3284?
3
What is the units digit of 64023?
3
What is the hundreds digit of 983?
9
What is the units digit of 1249?
9
What is the units digit of 498?
8
What is the units digit of 970?
0
What is the units digit of 3734?
4
What is the units digit of 1062?
2
What is the hundreds digit of 5006?
0
What is the units digit of 6940?
0
What is the units digit of 17941?
1
What is the units digit of 29215?
5
What is the tens digit of 630?
3
What is the tens digit of 3009?
0
What is the tens digit of 46087?
8
What is the hundreds digit of 33324?
3
What is the units digit of 263?
3
What is the units digit of 121096?
6
What is the units digit of 49167?
7
What is the tens digit of 33838?
3
What is the tens digit of 18646?
4
What is the units digit of 17172?
2
What is the tens digit of 39994?
9
What is the tens digit of 41397?
9
What is the thousands digit of 2051?
2
What is the units digit of 289?
9
What is the hundreds digit of 656?
6
What is the units digit of 2150?
0
What is the hundreds digit of 299?
2
What is the thousands digit of 69152?
9
What is the tens digit of 105301?
0
What is the thousands dig